s of w/20*(2 - s)?
2, 5
Let c(j) = -7*j + 33. Let k be c(5). List the prime factors of 2 + 16*(-23)/k.
2, 3, 31
Suppose 5*j - 3*n - 29 = 0, -8 + 34 = 5*j - 2*n. Suppose j*w - 32 - 8 = 0. What are the prime factors of (3/(-2) - -3)*w?
3, 5
Let s(d) = -d**3 - 23*d**2 - 31*d + 11. Let b be ((-22)/3)/((-5)/(-15)). What are the prime factors of s(b)?
11, 19
Let v = 23 - -13. List the prime factors of v.
2, 3
Let w be -4 + 0 + 0 + 8. Suppose 0 = w*v - 18 - 6. What are the prime factors of v?
2, 3
Let g be 9 - (3 + 2 - 5). Suppose g = -2*d - 1, 43 = j + 2*d. What are the prime factors of j?
53
Let s = -8 - -7. Let z(f) = -16*f - 1. What are the prime factors of z(s)?
3, 5
Let l(q) = -q + 1. Let p be (18/27)/((-4)/30). Let f be l(p). Let c(i) = 13*i - 19. What are the prime factors of c(f)?
59
Let a be 4/(-14) + 116/14. Suppose 48 = -a*w + 9*w. What are the prime factors of w?
2, 3
Let l(f) = 1 - 66*f**3 + 8*f**3 + 0*f**3 - 3*f**2 + 2*f + 5*f**2. What are the prime factors of l(-1)?
59
Let m be -9 + 9 + (1 - 112). Let c = 15 + m. Let v = 158 + c. What are the prime factors of v?
2, 31
Suppose -1 = -j - 3. Let q(f) = -22*f - 10. Let u(c) = 23*c + 9. Let p(k) = -6*q(k) - 7*u(k). What are the prime factors of p(j)?
5, 11
Let t = -21 + 16. Let q(z) = 2*z**2 + 4*z - 5. List the prime factors of q(t).
5
Suppose -3*w = -2*r + 3, -w = -5*r + 3*r + 1. Let o(d) = 10*d + 10*d**3 + r*d + 1 - 12*d. What are the prime factors of o(1)?
3
Let i(r) = r**3 + 3*r**2 - 10*r + 3. Let a be i(-5). Suppose -a*y + 10 = -y, -4*y = 2*x - 58. List the prime factors of x.
19
Let d(g) = 2*g**2 - 11*g - 147. List the prime factors of d(30).
3, 7
Let g(y) = -y**2 - 27*y - 5. Let l be g(-8). Suppose -3*b + 75 = -l. List the prime factors of b.
2, 37
Suppose 38836 = 11*w + 4384. Suppose -15*p - 1062 = -w. List the prime factors of p.
2, 3, 23
Let t be 1*-2*(-5 - 147). Let k = -127 + t. What are the prime factors of k?
3, 59
Suppose 4*o + 1428 = 4*l, 0 = 5*l - 4*o - 616 - 1172. List the prime factors of l.
2, 3, 5
What are the prime factors of (-2194)/(-4) + (-5)/(-10)?
3, 61
List the prime factors of 70/(-40)*-5*4.
5, 7
Suppose -4*l + 2*y = 3*y - 89, 2*y + 53 = 3*l. Suppose 3*t + 5*w = 45, -3*t = -2*w - w - l. What are the prime factors of t?
2, 5
Let b be -9*(-3)/3*1/(-3). List the prime factors of (((-21)/(-2))/(-7))/(b/188).
2, 47
Let f(q) = 74*q**2 + 106*q - 673. What are the prime factors of f(7)?
5, 739
Suppose -2*h - h + 2*q = -10, -2*h - q + 2 = 0. Suppose 6*c + h*c = 320. What are the prime factors of c?
2, 5
Let v be 4 + (2 + -4 - -129). Suppose -5 + v = 2*m. List the prime factors of m.
3, 7
Suppose 0 = -11*m + 1596 + 5752. What are the prime factors of m?
2, 167
Let j(z) = z**2 + 7*z + 2. Let o be j(-7). Suppose -f = o*f - 6. What are the prime factors of (-1)/(f/(-172)*2)?
43
Let l(f) = 9*f. Let o(t) = -7*t - 1. Let z(n) = -3*l(n) - 4*o(n). Let c be -1 - (-1 + (-1 - -1)). What are the prime factors of z(c)?
2
Suppose 3*g + 12 = -3, -5*g = 2*d + 19. Let z be (d + 0)/(9/132). Let u = z - 27. What are the prime factors of u?
17
List the prime factors of 5/((-3)/12*-4)*27.
3, 5
Suppose -2*w + 4 = 0, -3*w - 710 = j - 2281. List the prime factors of j.
5, 313
Let a = 2463 + 2575. What are the prime factors of a?
2, 11, 229
Suppose -5*x - j + 5421 = 0, -3875 = -3*x + 3*j - 608. What are the prime factors of x?
5, 7, 31
Let d(r) = -14*r - 4. Let q(p) = 22*p + 6. Let f(t) = 7*d(t) + 5*q(t). Let h = 11 - 5. List the prime factors of f(h).
2, 37
Suppose 0 = p + 3*p. Suppose p = 15*d - 17*d + 4. Suppose -d*a = -0*a, 5*r + a = 230. List the prime factors of r.
2, 23
Let y be 4172/16 - 3/4. Suppose -2*m - 2*v + 134 = 0, 4*m + 4*v - y = 2*v. What are the prime factors of m?
3, 7
Suppose 2*k - 3*q = 108, -2*q = 4*k + 2*q - 236. Let d = k - 32. Suppose 0 = w + t - d, 0 = 5*w - t - 103 - 34. List the prime factors of w.
3
Let y(p) be the third derivative of p**7/720 - p**6/60 - p**5/10 + 5*p**2. Let x(d) be the third derivative of y(d). What are the prime factors of x(9)?
3, 17
Suppose 13*u - 354 = 5301. What are the prime factors of u?
3, 5, 29
List the prime factors of (-2 - -1) + 2032 + 25/5.
2, 509
Let z be 10/(-3 + 2 - -3). Suppose -8*k + 150 = -z*k. List the prime factors of k.
2, 5
Let z(m) = -49*m**3 + 2*m**2 - m - 2. Suppose 0 = -5*c + 3*j - j - 13, 2*j - 6 = -2*c. What are the prime factors of z(c)?
2, 5
Suppose 12 + 0 = -2*l. Let j(z) be the first derivative of -3*z**2 - 15*z + 4. List the prime factors of j(l).
3, 7
Let l = -11 - -14. Suppose 2*v - l*v = 16. Let w = v - -31. List the prime factors of w.
3, 5
Let a = -727 - -1227. List the prime factors of a.
2, 5
Let f = 2661 + -1630. What are the prime factors of f?
1031
Let q = -172 - -105. Let h = 92 + q. What are the prime factors of h?
5
Suppose 7*d - 4*d = 0. Let u(r) = r**3 + 9*r**2 - 10*r + 58. Let s be u(-10). Suppose d = 2*c - 160 + s. List the prime factors of c.
3, 17
Suppose z - 5*t + 20 = 0, 3*t - 5*t = -5*z + 15. Suppose 4*c - 4 = 0, 2*g - 9 = z*c + 218. Suppose 6*f - 8*f + g = 0. List the prime factors of f.
2, 29
Suppose -6*q = -2 - 10. Suppose 0 = -2*g - 4*x + 40, -15 = q*g - x - 45. List the prime factors of g.
2
What are the prime factors of 1140/1 - -2*(2 + 0)?
2, 11, 13
Let m(g) = 3*g - 4. Let c be m(-21). Let b = 109 + c. List the prime factors of b.
2, 3, 7
Let m be (4/(-8))/((-3060)/3064 - -1). Let i = 605 + m. List the prime factors of i.
2, 3, 37
Let w be (2 - 2/1) + -34. Let r = 51 + w. What are the prime factors of r?
17
Suppose -12*b + 84 = -18*b. Let j = b - -83. List the prime factors of j.
3, 23
Suppose -2*s - 5*i + 1291 = 0, -4*s - 4*i = i - 2607. What are the prime factors of s?
2, 7, 47
Suppose -26*p - 909 = -q - 21*p, 888 = q + 2*p. List the prime factors of q.
2, 3, 149
Suppose 0*q + 2 = o - q, -o = q + 2. Suppose -3*g - 2*g = o. Suppose 0*t + 4*u = 3*t - 20, g = 5*t - 2*u - 38. List the prime factors of t.
2
Suppose 0*r + 8 = 2*r, -4 = 4*a - 5*r. List the prime factors of (42/(-4))/(a/(816/(-9))).
2, 7, 17
Let m(u) = 57*u**2 + 106*u - 1. List the prime factors of m(5).
2, 977
Let q(a) = a**2 + 10*a + 27. Let v be q(-8). Suppose -738 = -v*t + 8*t. What are the prime factors of t?
2, 3, 41
List the prime factors of (-1102)/(-14) - (-2)/7.
79
Let t(z) = -2*z**3 - 17*z**2 - 28*z - 49. List the prime factors of t(-11).
2, 3
Let k = -1008 - -1601. List the prime factors of k.
593
Let x(c) be the first derivative of -7*c**4/4 + c**2/2 - c - 2. Suppose -18 = 15*h + 12. What are the prime factors of x(h)?
53
Let y be 2 + 36/(-20) - 3447/(-15). What are the prime factors of -2*1 - y/(-2)?
113
Let z = -27 - -27. Suppose 3*f - 63 = -z*f. List the prime factors of f.
3, 7
Let y(a) = 5*a - 7. Let i(l) = -9*l + 15. Let c(k) = 4*i(k) + 9*y(k). Let f be c(7). Suppose f = -u + 6*u. List the prime factors of u.
2, 3
Let c be (-4)/2*(-2224)/(-32). Let x = 103 - c. What are the prime factors of x?
2, 11
What are the prime factors of 12/(-14) + (-241848)/(-504)?
479
Let r(q) = 5*q - 17. Let j be r(4). Suppose 4*f + 131 = j*c, -229 = -5*c - 9*f + 5*f. List the prime factors of c.
3, 5
Suppose -4*i = -5*m + 2317, -3*i + 1077 = -5*m + 3391. What are the prime factors of m?
461
Suppose -6942 = -12*l + 7002. What are the prime factors of l?
2, 7, 83
Let x = 1764 + -357. What are the prime factors of x?
3, 7, 67
Let w be (-9)/63 + 562/14. Suppose -5*v + 70 = -w. List the prime factors of ((-2)/1 - -6) + v.
2, 13
Suppose i = 4*i - 678. What are the prime factors of i?
2, 113
Suppose 5*s + 2*y - 3432 = -324, 2*s - 5*y = 1220. Suppose 5*i - q - s = -127, q + 297 = 3*i. What are the prime factors of i?
2, 7
Let c be ((-6)/4)/(6/(-16)). Let x(j) = -j**3 + 6*j**2 - 2*j + 2. What are the prime factors of x(c)?
2, 13
Suppose -2*n = -4*q + 4, 4 = -0*n - 3*n + 5*q. Suppose -7*m + n*m + 15 = 0. Suppose m*c = -5*b + c + 11, -5*c - 19 = -3*b. List the prime factors of b.
3
Let g(b) = -42*b + 19. What are the prime factors of g(-10)?
439
Suppose -4*x + 2*x + 1460 = 2*f, 3*x + 5*f - 2198 = 0. What are the prime factors of x?
2, 3, 11
List the prime factors of (-2)/6 + 150280/255.
19, 31
Suppose 0 = -2*x - 0*x. Let s(p) = p**2 + p + 15. Let g be s(x). Suppose -2*o = z + g - 60, 4*o = 2*z + 78. List the prime factors of o.
3, 7
